215?
595
Calculate the greatest common divisor of 12568299 and 82695.
447
What is the greatest common factor of 3481 and 152456?
59
What is the greatest common factor of 19800 and 28300?
100
What is the highest common factor of 1 and 1972046?
1
What is the greatest common divisor of 214588551 and 138?
69
What is the greatest common divisor of 217559769 and 29?
29
Calculate the highest common divisor of 9685 and 8649301.
149
Calculate the greatest common factor of 401962 and 24442.
242
Calculate the highest common factor of 24 and 111963072.
24
Calculate the highest common divisor of 36550 and 20825.
425
Calculate the greatest common divisor of 29160 and 64280.
40
Calculate the highest common divisor of 11715 and 3327313.
11
What is the highest common factor of 10494519 and 84?
21
Calculate the greatest common divisor of 10224 and 766.
2
Calculate the greatest common factor of 280393961 and 8012.
2003
What is the highest common divisor of 289747664 and 2144?
1072
What is the highest common divisor of 48195 and 325465?
595
Calculate the highest common factor of 24084351 and 799.
47
What is the highest common divisor of 121016665 and 385?
385
What is the highest common factor of 6475762 and 4036?
2018
Calculate the greatest common factor of 2080 and 265920.
160
What is the highest common divisor of 1989 and 181732941?
1989
Calculate the highest common divisor of 23218868 and 2116.
2116
What is the greatest common divisor of 24 and 131125480?
8
Calculate the highest common factor of 22068438 and 18.
6
Calculate the greatest common factor of 1943 and 1649433.
29
Calculate the highest common divisor of 6 and 358049532.
6
What is the highest common divisor of 16739 and 5057821?
881
What is the greatest common divisor of 321763414 and 7154?
1022
What is the highest common factor of 1689 and 22840347?
1689
What is the highest common factor of 2048 and 3199399936?
2048
What is the highest common factor of 5298 and 534407494?
1766
Calculate the highest common factor of 4985523 and 3456.
27
Calculate the highest common factor of 1795177 and 133.
19
What is the greatest common divisor of 2627434 and 342?
38
What is the greatest common divisor of 3093 and 21646876?
1031
What is the greatest common factor of 4719 and 371371?
143
What is the highest common factor of 768 and 167622528?
384
Calculate the highest common factor of 6954 and 12278202.
366
What is the greatest common divisor of 98 and 1702946?
98
Calculate the greatest common divisor of 58 and 224606218.
58
Calculate the highest common divisor of 1750160 and 16144.
16
What is the greatest common factor of 113946000 and 77000?
7000
What is the highest common divisor of 2058257 and 461282?
199
Calculate the highest common factor of 1269 and 46963293.
141
Calculate the highest common factor of 716651715 and 195.
195
Calculate the greatest common factor of 111 and 13508959.
37
What is the greatest common divisor of 244269 and 577431?
747
What is the highest common divisor of 425472328 and 1268?
1268
What is the greatest common divisor of 1596982 and 1192?
298
Calculate the highest common divisor of 44 and 86867407.
11
Calculate the greatest common factor of 137139 and 229109.
17
Calculate the greatest common divisor of 371 and 3148682936.
371
Calculate the highest common factor of 271337 and 4233.
17
What is the highest common factor of 968 and 241553268?
484
What is the highest common divisor of 403184 and 28990?
446
Calculate the highest common divisor of 8077574959 and 47.
47
What is the highest common factor of 8418 and 164496?
138
What is the greatest common divisor of 5 and 3538765?
5
What is the greatest common factor of 1703 and 236602506?
131
Calculate the greatest common factor of 140514861 and 1926.
321
Calculate the highest common divisor of 9025317 and 114427.
901
What is the highest common divisor of 219863462 and 3666?
1222
What is the greatest common factor of 100 and 21320300?
100
What is the highest common divisor of 41310251 and 887?
887
Calculate the highest common factor of 674706599 and 21.
7
Calculate the greatest common factor of 358 and 9213667.
179
Calculate the highest common factor of 54948 and 15261084.
2892
What is the highest common factor of 357353805 and 60?
15
What is the highest common factor of 1633656 and 3225?
129
What is the greatest common factor of 634516 and 19133?
53
Calculate the greatest common divisor of 2914 and 79343074.
62
Calculate the greatest common factor of 127651580 and 182.
14
What is the greatest common divisor of 356 and 218210378?
178
Calculate the highest common factor of 374 and 7483978.
34
What is the highest common factor of 98853944 and 168?
56
Calculate the greatest common divisor of 27150 and 6895500.
150
What is the highest common factor of 1698270 and 49770?
210
What is the greatest common factor of 33057011 and 641?
641
Calculate the highest common factor of 32 and 16922624.
32
What is the greatest common factor of 226562 and 123466?
14
Calculate the greatest common divisor of 57220101 and 1188.
27
Calculate the highest common divisor of 163921667 and 10465.
2093
Calculate the highest common divisor of 80 and 179008.
16
What is the highest common divisor of 1038 and 152751734?
346
What is the highest common divisor of 13646150 and 1050?
350
What is the greatest common divisor of 692863192 and 22008?
7336
What is the greatest common factor of 33781 and 485606?
11
What is the greatest common factor of 2395545 and 11745?
435
What is the highest common factor of 7875 and 28710675?
1575
Calculate the greatest common divisor of 8349 and 36914559.
363
Calculate the highest common divisor of 10053638 and 6184.
1546
Calculate the greatest common divisor of 159460 and 700910.
1190
Calculate the greatest common divisor of 1909838 and 112.
14
What is the highest common factor of 5443040 and 640?
160
Calculate the greatest common factor of 122643222 and 2691.
897
What is the greatest common divisor of 117792717 and 3087?
1029
Calculate the highest common divisor of 52676 and 1716.
52
Calculate the highest common factor of 2109139 and 17.
17
Calculate the greatest common divisor of 22710 and 39210.
30
What is the highest common factor of 7383 and 83697?
69
What is the greatest common divisor of 656 and 1307408?
656
Calculate the highest common divisor of 330584 and 1643310.
1922
Calculate the greatest common factor of 985040 and 101920.
560
What is the greatest common divisor of 396315 and 840?
15
Calculate the greatest common divisor of 2743717 and 338176.
1321
What is the highest common factor of 442621720 and 5890?
5890
Calculate the greatest common factor of 163116 and 12942.
18
Calculate the highest common factor of 2160 and 2424195.
135
What is the highest common divisor of 11742 and 3696052?
206
What is the highest common divisor of 256220016 and 624?
624
What is the highest common divisor of 1980 and 1412865?
45
Calculate the greatest common factor of 37 and 617549.
1
What is the highest common factor of 14285182 and 74?
74
What is the highest common factor of 21672 and 269696?
2408
What is the greatest common divisor of 1482 and 995956?
26
What is the highest common factor of 10388 and 115381?
371
Calculate the greatest common factor of 9 and 583511967.
9
Calculate the greatest common factor of 135 and 31193775.
135
Calculate the highest common divisor of 160020 and 229635.
315
What is the greatest common divisor of 2260 and 97550188?
452
What is the greatest common divisor of 80 and 16696?
8
Calculate the highest common factor of 64 and 89243584.
64
Calculate the greatest common factor of 5736 and 5249064.
24
Calculate the highest common factor of 580 and 38396493.
29
Calculate the highest common divisor of 5901 and 2660903.
7
What is the highest common factor of 205484875 and 1725?
575
Calculate the greatest common divisor of 117225 and 900.
225
What is the greatest common factor of 45 and 18419715?
45
What is the greatest common factor of 255922784 and 3042?
338
What is the greatest common divisor of 401222 and 26753773?
2417
What is the highest common factor of 73457 and 177310?
2533
What is the greatest common factor of 28692 and 321528?
12
Calculate the highest common factor of 1597476 and 9321.
717
Calculate the highest common f